hat is the highest common divisor of g and w?
9
Let t(k) = 2*k**2 - 29*k - 90. Let y be t(18). Calculate the highest common divisor of 44 and y.
4
Suppose 4*s + 236 = 5*i - 189, i + 4*s - 85 = 0. Calculate the highest common factor of 119 and i.
17
Let s(l) = -3*l**3 - 2*l**2 - l. Suppose -14 = 6*z - 2. Let v be s(z). What is the greatest common divisor of 27 and v?
9
Suppose 15*z = 28*z - 3120. What is the greatest common divisor of z and 72?
24
Let d = 110 + -86. What is the highest common divisor of 216 and d?
24
Let w = 286 - 284. What is the greatest common factor of w and 3?
1
Suppose 0 = -13*b - 17*b + 5280. What is the highest common factor of b and 32?
16
Let f = -45 - -49. Suppose y + 27 = o + f, 0 = -5*o - 2*y + 136. What is the highest common factor of o and 13?
13
Let l = 3058 - 2134. What is the greatest common divisor of l and 33?
33
Suppose m = 2*h + 2*m - 122, -3*h = -3*m - 192. Calculate the greatest common divisor of h and 248.
62
Let w = 8 + -6. Suppose j + 2 = 0, 4*q - 22 = w*j + 3*j. Suppose -5*i + 45 = 5*u - i, -5*u = 2*i - 45. What is the highest common divisor of q and u?
3
Let t be (18/63)/(1/7). Suppose -5*g - h = -0 + 5, h + 5 = 5*g. Let f be -3 - -5 - g/(-1). What is the greatest common divisor of f and t?
2
Let f(r) = 4*r**2 + 88*r - 87. Let b be f(-23). Let q(v) = -v + 5. Let y be q(0). What is the highest common factor of b and y?
5
Let w = -2014 + 2824. Calculate the highest common factor of w and 108.
54
Let v be 1 - (-69)/(-6)*4. Let z be 2/9 + 730/v. Let n be (-1)/(((-20)/z)/(-5)). What is the highest common factor of 32 and n?
4
Let g = -12489 + 12498. Let z be (4*1)/(2/36). Calculate the highest common divisor of g and z.
9
Let y = -6 + 42. Let z(j) = 2*j - 32. Let o be z(17). Suppose -3*h - 2*h + 286 = -4*t, 4*t = o*h - 124. What is the greatest common divisor of y and h?
18
Let w(v) = 1 + 2 + 5*v - 1. Let r be w(6). Let x be (-42 + -6)*(8/(-6) + 1). What is the greatest common factor of r and x?
16
Suppose -h - 4*t = -64, -4*t - 81 = -3*h + 95. Calculate the highest common factor of h and 36.
12
Suppose -17*v + 636 = -146. Calculate the greatest common divisor of 1518 and v.
46
Let w(m) = m**3 + 24*m**2 - 41*m - 35. Let d be w(-25). Calculate the greatest common divisor of d and 73.
73
Suppose -p - 19 = -5*h + 3*p, -p = -2*h + 7. Let v be (383 - -5)*((-15)/(-12))/5. Let d = v + -73. What is the greatest common factor of h and d?
3
Suppose 0 = -4*y - 10 + 18. Let f be y/2 + (-60)/(-2). Calculate the greatest common divisor of 217 and f.
31
Suppose -5*w + 20 = 3*f, -4*f + 3*w + 0*w = -17. Suppose 237 = f*a - 528. Let z = -18 + 35. Calculate the highest common divisor of a and z.
17
Let l = -9 + 1. Let y = l + 23. What is the greatest common divisor of y and 135?
15
Suppose 563 + 225 = 2*r. Suppose -5*t + 2*a = -t - 314, -r = -5*t + 3*a. Calculate the greatest common factor of 7 and t.
7
Suppose -u = 5, 4*r - 561 + 23 = 2*u. Calculate the greatest common divisor of r and 24.
12
Let d = 780 - 676. What is the greatest common divisor of 325 and d?
13
Let q(i) = 3*i**2 - 23*i + 2. Let r be q(7). Let f = r - -80. What is the greatest common factor of f and 51?
17
Let i(h) = -h**2 - 23*h - 54. Let o be i(-15). What is the highest common factor of o and 110?
22
Let q(v) = v**2 - v + 5. Let j be q(4). Calculate the highest common factor of j and 34.
17
Suppose 0 = 5*n + q - 24, -3*n + q = -11 + 3. Suppose 5*c - 3*o = 639, o - n*o = -2*c + 261. Calculate the greatest common divisor of c and 14.
14
Suppose 23 = z + 65. Let m be 28/z + (-11)/(-3). Let j be (-32)/(-18) + 2/9. Calculate the greatest common divisor of m and j.
1
Suppose 10 = n + 5. Suppose 0 = -3*c + 5 + 1. Suppose -141 = -4*m + o, 5*o - c*o = -3. Calculate the highest common factor of n and m.
5
Let o(z) = -z**3 - 20*z**2 + 22*z + 23. Let p be o(-21). Suppose 40 = -p*b + 240. Let g be (10/6)/(4/24). What is the greatest common factor of g and b?
10
Suppose 0 = p + 2, 2*h = -2*p + 4 + 2. Suppose -h*c - 2 = 2*f - 5, 2*f + 7 = 5*c. Let d be c*2 + (10 - -42). Calculate the greatest common factor of 18 and d.
18
Let b = -2408 - -2438. Calculate the highest common divisor of 1310 and b.
10
Let z be 436/(-40) + (-1)/10. Let x(k) = -4*k + 4. Let a be x(z). Calculate the highest common factor of 16 and a.
16
Let a = -1429 + 1690. Calculate the highest common divisor of 116 and a.
29
Suppose 5*b - 5*d = 60, 0 = -4*b - 2*d + 35 + 1. Let v = b - 9. Suppose -2*p - 4 = -2*x, x + 12 = 2*x + 4*p. What is the greatest common factor of v and x?
1
Let o = -47 + 49. Suppose -3*t - y + 4 = 3*y, -2 = o*t + 5*y. What is the greatest common factor of 4 and t?
4
Let w be (-1 - (-3)/2)*-14. Let q(t) = -t - 11. Let r be q(w). Let i be 1 + r + 2 - -56. Calculate the highest common divisor of 5 and i.
5
Let g(m) = -m + 1. Let a(i) = i**2 - 7*i + 7. Let o(d) = -a(d) - 5*g(d). Let f be o(8). What is the greatest common divisor of f and 4?
4
Let w = 54 + -51. Suppose 6*b - w*b - 54 = 0. Calculate the greatest common divisor of 162 and b.
18
Suppose 1620 = -2*q + 7*q. Suppose 85*v - 65*v = 240. What is the greatest common divisor of q and v?
12
Let k be (4 + -4)/((3 - 1)*-1). Suppose -z + 2*p = -p, k = z + 4*p - 14. Calculate the highest common factor of z and 8.
2
Let h = 1566 - 1549. Calculate the greatest common factor of 612 and h.
17
Let n(w) = -17*w + 3. Let r(f) = 6*f - 1. Let q(u) = 4*n(u) + 14*r(u). Let v be q(1). Suppose -v = 2*b - 74. What is the greatest common divisor of 12 and b?
6
Suppose 2*o + m - 214 = 188, -4*m = 4*o - 808. What is the highest common factor of o and 16?
8
Let k be ((-4)/(-8))/((-1)/(-18)). Let z(m) = -m**2 + 12*m**2 + 3*m**2 + 0*m**2 - 3*m + 1. Let f be z(-2). Calculate the greatest common divisor of f and k.
9
Let y = 315 - 312. What is the greatest common factor of y and 129?
3
Suppose 0 = -29*y + 333 + 44. Calculate the highest common factor of 572 and y.
13
Let b be 41 + 13 - (-1 + 5). Let q be -20*5/(-8)*2. Calculate the greatest common factor of q and b.
25
Let i be (12/8)/(34/476). Suppose -4*j = -3*x + 709, 0*j = 3*j + 12. What is the highest common factor of x and i?
21
Let i = -2758 + 2773. What is the highest common divisor of 186 and i?
3
Let p(x) = -x**3 + 6*x**2 - 4*x + 3. Let n be p(2). Suppose 0 = -14*t + n*t + 36. What is the highest common divisor of 48 and t?
12
Suppose -3*x - p + 17 = -5*p, 2*p - 11 = -5*x. Suppose x*w - 31 = a, w - 5*a = -w + 25. Calculate the greatest common factor of w and 15.
5
Let q be (322 - (1 - -6))*1. What is the highest common divisor of q and 525?
105
Let r = -2 - -2. Suppose 0 = -5*s + x + 20, 0 = -4*s - r*s + 2*x + 10. Let u be -3 + 5 - (2 - 2). Calculate the highest common divisor of u and s.
1
Let q(i) = 2*i**2 - 7*i + 18. Suppose -4 - 4 = -y. Let w be q(y). Calculate the greatest common divisor of 10 and w.
10
Let u(r) = -3*r**2 + 3*r + 6. Let v be u(-4). Let j = -48 - v. What is the greatest common divisor of 24 and j?
6
Let n = -227 + 490. Suppose 0 = z + 3*z - 5*m - 515, 2*z - n = -3*m. Calculate the highest common factor of z and 26.
26
Let z = 11 - -4. Calculate the greatest common divisor of 1605 and z.
15
Suppose -5*m + 3*g = 2 - 18, -3*m = g - 4. Calculate the highest common factor of m and 5.
1
Suppose -5*g - 6 = -2*r + 5, 5 = r - 3*g. Suppose 0 = 4*d - 2*d + 148. Let b = d - -98. Calculate the highest common factor of b and r.
8
Let m(w) = -w**3 - 5 - 15 + 26*w**2 + 25*w**2 - 42*w**2 - 2*w. Let a be m(8). Calculate the highest common divisor of a and 112.
28
Suppose 3*x - x - 47 = 5*v, 5*x + 5*v = 135. Let j = -12 - -14. Suppose j*y = -2*b + 362, -4*y + y = -5*b + 913. What is the highest common factor of x and b?
26
Suppose 45*t - 42*t - 42 = 0. Calculate the greatest common divisor of 1162 and t.
14
Let k be (-6 + 7)*((-14)/2 + 691). Calculate the highest common factor of 144 and k.
36
Let i(a) be the third derivative of -a**6/120 - 7*a**5/60 - 5*a**4/12 + a**3 + 5*a**2. Let x be i(-5). What is the greatest common divisor of 4 and x?
2
Suppose 29*h - 34*h = -20. Suppose l - 148 = -h*m, 5*l = -m - 288 + 1028. What is the greatest common factor of l and 37?
37
Suppose -t = t - 10. Let x be (-4)/(-6)*1/((-10)/(-135)). Suppose -3*d = x, -4*n - 4*d = -n - 93. What is the highest common 